when (-258)/(-10) - 28/(-140) is divided by w.
8
Suppose -6*j - 46 = -8*j. What is the remainder when 44 is divided by j?
21
Let f(b) = 6 + 1 - 2 - b. Let w be f(5). Suppose -4*m = w, 3*h - 18 = 2*h - 2*m. Calculate the remainder when 53 is divided by h.
17
Suppose 0 = 3*d - 507 + 138. What is the remainder when d is divided by 25?
23
Suppose 3*f + 10 = 76. Calculate the remainder when f is divided by 9.
4
Let k = -12 - -23. Suppose 11*w = 8*w - 72. Let o = -4 - w. What is the remainder when o is divided by k?
9
Let j be (-9)/(-12) - (-4110)/24. Let x = j + -97. What is the remainder when x is divided by 11?
9
Suppose 2*y - 6 = 0, 4*y + 10 = 4*b + 2*y. Calculate the remainder when 9 is divided by b.
1
Suppose -3*z + 2*z = -25. Calculate the remainder when 49 is divided by z.
24
Let c = -35 - -72. Calculate the remainder when c is divided by 10.
7
Let i be 1/3 + 88/6. Suppose -t - 9 = -2*t. Suppose -4*a + t*a = i. What is the remainder when 8 is divided by a?
2
Suppose -97 = -5*f - 27. What is the remainder when 26 is divided by f?
12
Let f = 29 + -17. Suppose 4*r + f = r, 0 = 4*m - 4*r - 84. What is the remainder when m is divided by 9?
8
Let k(n) = n**3 + n + 23. Suppose 0 = g - 5, 2*s = 4*g + g - 25. Calculate the remainder when k(s) is divided by 12.
11
Let u be 10/(-15) + (-17)/(-3). Let j = -9 - u. Let r = j + 24. What is the remainder when 18 is divided by r?
8
Suppose -5*c + 964 + 36 = -5*n, 4*n = -3*c - 814. What is the remainder when n/(-18) - (-4)/(-18) is divided by 6?
5
Let u = -87 + 62. Suppose b - 4*y + 63 = 0, 2*b + 27 = -3*y - 44. Let f = u - b. What is the remainder when f is divided by 10?
8
Let x(b) = 4 - 7*b - 3 - 2*b. What is the remainder when x(-3) is divided by 15?
13
Let t = 45 + -36. What is the remainder when 25 is divided by t?
7
Suppose 0 = 4*d + u - 102, -3*d - 2*d + 2*u = -134. Calculate the remainder when 49 is divided by d.
23
Suppose 0 = -4*m + 17 + 27. Calculate the remainder when m is divided by 3.
2
Let i = 8 + -6. Suppose i*k = 4*l + 25 - 7, 0 = -4*k + l + 36. Calculate the remainder when 17 is divided by k.
8
Calculate the remainder when (-2 - 2/(-1)) + 33 is divided by 13.
7
Let p = -187 - -97. Let f = p + 169. Calculate the remainder when f is divided by 27.
25
Let h(c) be the second derivative of -4*c**3 + 2*c. Let x be h(-2). Suppose 4*n + x = 116. What is the remainder when n is divided by 9?
8
Let l(a) = -3*a - 7. Suppose -5*u + 4 = 3*h, -3*u + 29 = -2*h - 0*h. Calculate the remainder when 54 is divided by l(h).
12
Let x = 12 - 1. Let k = 3 + 25. Let s = k - x. What is the remainder when 33 is divided by s?
16
Suppose 8*h = 3*h. Suppose 5*x - m - 23 = h, -13 = 5*x + 5*m - 48. Calculate the remainder when x is divided by 3.
2
Calculate the remainder when 43 is divided by ((-10)/(-50))/((-2)/(-110)).
10
Let s = 3 - -175. Suppose -3*j = -4*p - 7, 13 = -p - 0*j + 3*j. Suppose -5*m + p*u + s = 0, 3*m - 86 = -3*u - u. Calculate the remainder when m is divided by 9.
7
Let r(d) = d + 7. Let i be r(-6). Suppose 0 = -2*u - 2*h + h + 12, -2*h = -3*u + 32. Let f = u - i. What is the remainder when 12 is divided by f?
5
Let q(o) = 2*o**3 - 7*o**2 + 3*o + 10. Let x(h) = h**3 - h**2 - h + 1. Let w(m) = q(m) - 3*x(m). What is the remainder when 3 is divided by w(-5)?
1
Suppose 7*h - 3*h = 1740. Suppose -9 = -6*c + h. What is the remainder when c is divided by 15?
14
What is the remainder when (2 + 1)*(119/21 - -2) is divided by 6?
5
Let i = 10 - 7. Suppose i = -x - 3. Calculate the remainder when 27 is divided by (0 + 1 - x) + 3.
7
Suppose o = 4*o - 48. Suppose 4*s = -28 + 276. Calculate the remainder when s is divided by o.
14
Calculate the remainder when 15 is divided by 12/(-294)*-7 + (-80)/(-14).
3
Let u(a) = -a**2 - 14*a + 11. What is the remainder when u(-10) is divided by 27?
24
Suppose -4 = -n + 2*m, 8 = 2*n + m + m. Suppose 3*x + 5 = n*j, j - 3*x = -4*x + 10. Let l(a) = a**2 - 3*a. What is the remainder when 28 is divided by l(j)?
8
Suppose -2*v - 590 = -7*v. Calculate the remainder when v is divided by 24.
22
Suppose -4*r + u = 4*u - 76, 0 = -u. Calculate the remainder when r is divided by (10/(-4))/(3/(-6)).
4
Calculate the remainder when 6/(-15) + (-244)/(-10) is divided by 7.
3
Suppose 2*x - 17 = -5. Suppose -r = -5 - 10. What is the remainder when (32/(-6))/((-5)/r) is divided by x?
4
Let w = 315 + -218. Calculate the remainder when w is divided by 17.
12
Suppose 9 = -z - 2*g, -4*z - z - 4*g = 15. Let s = 66 + -61. Calculate the remainder when (34/8)/(z/4) is divided by s.
2
Suppose -57 = -r + 3*w, 6*r + 4*w - 171 = 3*r. What is the remainder when 339 is divided by r?
54
Suppose 0 = -14*l + 11*l + 51. Calculate the remainder when 49 is divided by l.
15
Calculate the remainder when 13*15/(0 - -5) is divided by 10.
9
Let y(t) = -4 - 3*t - 3*t + 2*t + 2*t**2. Let v be y(4). Suppose 3*b = -2*i - i, -4*i - b + v = 0. What is the remainder when i is divided by 2?
0
Suppose 0 = s - 3. Let i be (1/s)/(2/6). Let u(v) = 17*v + 1. Calculate the remainder when u(i) is divided by 10.
8
Let p(o) = o**3 + 6*o - 7. What is the remainder when p(3) is divided by 10?
8
Suppose -a + 3 = -0, 0 = -4*b + 4*a. What is the remainder when 22 is divided by 8/1*b/2?
10
Suppose -6*r = -r - 230. Let z = -8 + 1. Let h = z + 19. What is the remainder when r is divided by h?
10
Let t(h) = 6*h**2 - 9*h - 15. What is the remainder when t(-2) is divided by 4?
3
Let o = 6 + -4. Calculate the remainder when 54 - -3*(o - 3) is divided by 13.
12
Calculate the remainder when 2/3*(53 + 10) is divided by 15.
12
Let t(v) = 2*v + 2 - 3 - 3*v - 7*v**3. What is the remainder when 19 is divided by t(-1)?
5
Let c(o) = o**2 + 7*o - 5. Let x be c(-8). Suppose -25 = -x*h - 16. Suppose -4*y - 37 = 4*s - 7*s, -24 = -4*s - y. What is the remainder when s is divided by h?
1
Let n(t) = -2*t**2 - 2*t + 3. Let p be n(-4). Let i = 29 + p. Suppose 0 = -2*o + 2*g - 5*g + 37, 3*g = -9. What is the remainder when o is divided by i?
7
Let l = -45 + 67. Calculate the remainder when l is divided by (11 + 1)/4 - -3.
4
Let y(u) = u**2 - 3*u + 2. Let m(t) = -9 + 5*t**2 + t**3 + t + 19 + 2*t**2. Let l be m(-7). What is the remainder when y(l) is divided by 1?
0
Suppose -m + 13 = 2*a, -3 = a - 2*m - 2. Let b be (2/2 - 2)/(1/(-3)). Suppose b*p = 2*p + a. Calculate the remainder when 19 is divided by p.
4
Let j be (4/(-10))/((-2)/20). Suppose 0 = 6*f - j*f - 62. Suppose 3*o - t = t + 54, -o + 5*t + f = 0. Calculate the remainder when 46 is divided by o.
14
Let x(s) = -2*s + 4. Let w(q) = -5*q + 1. Let v = -3 + 4. Let p be w(v). Calculate the remainder when 34 is divided by x(p).
10
Let w(n) = -6*n + 5*n + 5*n**2 - 12 + 9*n - 4*n**2. Calculate the remainder when 61 is divided by w(-11).
19
Let d be (4/6)/((-4)/(-30)). Suppose -16 = 4*g - 4*o, 2*o + 6 = -d*g - 0*o. Calculate the remainder when (2/3)/(g/(-66)) is divided by 8.
6
Suppose c = 2*g + 20, -2*c + 28 = -3*g + 2*g. Suppose 5*x - 3*x - 44 = 0. Calculate the remainder when x is divided by c.
10
Let a = -6 + -12. What is the remainder when (-176)/(-18) + (-4)/a is divided by 6?
4
Let w(k) be the first derivative of -k**3/3 - 13*k**2/2 + 10*k + 4. What is the remainder when w(-7) is divided by 18?
16
Let k(r) be the first derivative of 1/3*r**3 - 3 - 1/2*r**2 + 2*r. Calculate the remainder when 23 is divided by k(-2).
7
What is the remainder when 119 is divided by ((-2)/(-2))/(((-115)/(-60))/23)?
11
Let w = 3 + 7. Let x = -8 + 8. Let j = x - -6. What is the remainder when w is divided by j?
4
Let t = 0 - -2. Suppose f - 4 = 2*b, 3*f - 6 = t*f + 4*b. Suppose -f*c = -c - 5. What is the remainder when 19 is divided by c?
4
Suppose 5*c = 3*c + 2. Let s be -2*c*-1 - 22. Let v = s - -28. Calculate the remainder when 15 is divided by v.
7
Let g = -19 + 27. What is the remainder when 12 is divided by g?
4
Suppose -5*d + 0*d = -3*u + 99, -5*d = -4*u + 132. Let o(t) = t**3 - t**2 + 9*t - 20. Calculate the remainder when o(4) is divided by u.
31
Let o be (3/2)/((-3)/(-8)). Suppose -15 - 5 = -o*m. Suppose 22 + 8 = m*x. What is the remainder when 11 is divided by x?
5
Suppose 44 + 14 = 2*f. Let r(v) = -v - 3. Let x be r(-3). Suppose x = -2*c + 17 + 3. Calculate the remainder when f is divided by c.
9
Calculate the remainder when 